What is a(-1)?
3
Let x(d) = d - 1. Let o(g) = 10*g - 12. Let f(c) = -21*c + 25. Let k(s) = -3*f(s) - 7*o(s). Let h(n) = -3*k(n) - 24*x(n). Determine h(-4).
9
Let w(d) be the third derivative of d**5/60 + d**4/24 + d**2. Suppose -4*s + 3*r = -31 + 13, 9*s + 2*r - 23 = 0. Calculate w(s).
12
Let j(a) = -4*a**2 + 11*a - 3. Let w(o) = -o**2 + 4*o - 1. Let d(t) = 6*j(t) - 17*w(t). Suppose -3*v + 18 = -3*k, 0 = -k + 246*v - 241*v - 26. What is d(k)?
-6
Suppose 0 = v - 2*v + 3. Let y(h) = -5*h + 2 + 3*h + v*h. Calculate y(5).
7
Suppose -5*q = 5*j - 15, j + 3*q = 2*j - 23. Suppose 22 + j = -5*t. Let m(z) = -z + 4. Calculate m(t).
10
Let u = -453 - -455. Let j(r) = -5*r + 3. What is j(u)?
-7
Let v(x) = -2*x. Suppose 0*h + 2*h = 30. Suppose h = 4*l + l. Suppose -3*d + 34 = -5*m, -l*m + d - 9 = 9. What is v(m)?
10
Let g(c) be the first derivative of c**4/4 + 13*c**3/3 + 7*c**2 + 18*c - 273. Determine g(-12).
-6
Let m(c) be the third derivative of c**4/6 + 7*c**3/6 - 138*c**2. What is m(-3)?
-5
Suppose 0 = -t - 10 + 4. Let h(a) = 21*a - 36*a + 5 + 17*a + 3. What is h(t)?
-4
Let c(p) = p**2 - 1. Let n = 16 - 11. Suppose 4 = n*h - 6*h. What is c(h)?
15
Let p(t) = 2*t. Let g = -15 - -15. Suppose -3*d - 4*v + 35 = 0, g*d - v = -4*d + 15. Suppose 2*a - 3*a - d = 0. Determine p(a).
-10
Suppose 0*c + c = 3. Let q = 64 - 44. Suppose -c*m = m + q. Let s(w) = 2*w + 4. Calculate s(m).
-6
Let b = 61 + -59. Suppose b*z - 28 = 3*q, -q - q - 26 = -5*z. Let t(j) = -4*j - 11. Give t(q).
21
Let t(m) = m**2 + 11 + 204*m - 190*m - 31. Give t(-15).
-5
Let a(n) = 6*n**3 + 39*n**2 + 28*n + 81. Let h(j) = -j**3 - 8*j**2 - 6*j - 16. Let f(u) = -2*a(u) - 11*h(u). Calculate f(11).
3
Let h = -50 + 44. Let f(j) be the third derivative of -j**5/60 - j**4/4 + 5*j**3/6 - 4*j**2. What is f(h)?
5
Suppose -3*i + 2*i = 2. Let c(h) = -4*h**2 - 6*h - 6. Let k(x) = x + 1. Let y(z) = -c(z) - 5*k(z). What is y(i)?
15
Let o(i) = 13*i**2 - 21*i - 25. Let s(m) be the second derivative of m**4/4 - 5*m**3/6 - 3*m**2 + 5*m. Let p(u) = -2*o(u) + 9*s(u). What is p(4)?
0
Suppose -4*t - 3*l = -11, 2*l = t - l + 16. Let o(x) = 23*x**3. Calculate o(t).
-23
Let o(t) = -2*t + 21. Let g(z) = -4*z + 42. Let k(q) = 2*g(q) - 5*o(q). Determine k(12).
3
Suppose 7*w - 14*w + 28 = 0. Let j(b) = b**3 - 5*b**2 - 2*b - 4. Let z(v) = -5*v**3 + 25*v**2 + 12*v + 21. Let q(f) = 11*j(f) + 2*z(f). What is q(w)?
-10
Suppose t - 4*t = 0. Let k(d) = 1 - 5 - d**2 + 7 + 7. Give k(t).
10
Let s(f) = -f**3 + 4*f**2 - 3*f. Let c be (12/3)/12*6. Let l be s(c). Let i(o) = o**2 - 2 + o**2 - o**2. Determine i(l).
2
Let g(w) be the third derivative of w**5/30 - 25*w**4/24 + 7*w**3/6 + 356*w**2 + 2*w. Calculate g(12).
-5
Let p(u) = u + 10. Let y be ((-21)/6 - -4)/(1/4). Suppose y*i + 8 = -3*k, 3*i - 5*k = -0*i - 31. Give p(i).
3
Let q(i) = -i**3 - 62 + 6*i + 14*i**2 + 59 - 10*i**2. Let g = 13 - 8. Give q(g).
2
Let i(d) = 3*d + 13. Suppose 4*u - 62 + 101 = -5*r, 0 = 2*r - 4*u + 10. Calculate i(r).
-8
Let y(z) = 6*z**2 - 1 + 6*z**3 - 7*z**2 - 9*z**3 - 2*z. Let b(t) = -12 - t + 13 - 7. Let w be b(-5). What is y(w)?
3
Let i(c) = 2*c**2 + 17*c - 2. Let v(x) = -x**2 - 8*x + 1. Let m be (-2 - (-6 + 3))*2. Let y = m - 9. Let a(o) = y*v(o) - 3*i(o). Determine a(-4).
-5
Let k(r) = 6*r**2 + 3*r. Let a(u) = 17*u**2 + 8*u. Let o(g) = 4*a(g) - 11*k(g). Let b(i) = 304*i + 9727. Let y be b(-32). What is o(y)?
3
Suppose -3*r = -2*r - 1. Let t be (-18)/(-15)*20/8. Let f be (r - 2)/(t/(-9)). Let k(o) = -o**3 + o**2 + 4*o + 1. Give k(f).
-5
Let z be -1 - 1 - (-6)/(-2). Let w(x) = 4*x**2 + 10*x. Let a(p) = -3*p**2 - 7*p. Let q(c) = 5*a(c) + 4*w(c). Give q(z).
0
Let l(s) = -s**2 + 12*s - 1. Suppose -49*t + 3*t + 414 = 0. What is l(t)?
26
Let y(a) be the second derivative of -a**3/6 + 3*a**2/2 - 11*a. Let f(q) be the first derivative of q**3/3 + 4*q**2 + 13*q - 8. Let v be f(-7). Give y(v).
-3
Let h(t) = t - 4. Let a be 10 - (10/15)/(2/15). What is h(a)?
1
Let n = 17 - 12. Suppose 4 = 3*y - n*y. Let w(o) = 5*o + 0*o - 6*o - 1 + o - 2*o. What is w(y)?
3
Let y(b) = 3*b**2 + b**2 + 4*b**3 + b - 3 + 2*b**2. Let l(w) = -5*w**3 - 7*w**2 - w + 2. Let x be 6/(-7)*(6 + 1). Let r(t) = x*y(t) - 5*l(t). Determine r(0).
8
Let u(q) = -2*q**2 - 4*q + 5. Let v(r) = -2*r**2 - 3*r + 4. Let i = 23 - 18. Let d(n) = i*v(n) - 4*u(n). Determine d(1).
-1
Let j(d) = 2*d**2 - d. Let i(o) = o - 22. Let m be i(17). Let g be 5 - (-55)/22*4/m. What is j(g)?
15
Let d(c) = c - 2. Suppose -3*x - 3 + 0 = 2*r, 0 = 4*x - r + 15. Let a be (-1 - 8/(-2)) + x. Determine d(a).
-2
Let k(l) = -34*l + 12 + 12*l + 20*l - 10. Suppose 5*h - q = -3 - 9, 3*h = -2*q - 15. What is k(h)?
8
Suppose 5*g - 4*v + 33 = 0, -4*v = g - 9*v - 6. Let t(h) = -h**2 - 14*h - 7. Let p(o) = 2*o**2 + 27*o + 16. Let b(z) = 3*p(z) + 5*t(z). What is b(g)?
-5
Let t be 4/(16/(-44)) - (1 - 1). Let l be t + 5 + 5 - 4. Let j(g) be the first derivative of g**4/4 + 5*g**3/3 + 3*g**2/2 + 5*g - 1. Determine j(l).
-10
Let z(b) = 2*b**2 + 3*b - 3. Suppose 0 = -5*y + u - 0*u + 50, 40 = 4*y + 5*u. Let p be 30/y - 3*2. Determine z(p).
6
Let f(k) be the first derivative of k**6/360 + k**5/60 + k**4/24 + 7*k**3/3 - 6. Let b(g) be the third derivative of f(g). Determine b(-4).
9
Let k be (-9 - 6)/(-5) + 1/(-1). Suppose -3*x - k = -2*b - 8, -5*b = -x + 15. Let o(n) = n**3 - n - 3. Calculate o(x).
-3
Let j(g) = g + 1. Let l(v) = v**3 + 7*v**2 + 3*v - 14. Let p be l(-6). Suppose t + 6 = -p*a, t - 4 = -2*a - 3*t. Give j(a).
-1
Let d(b) be the second derivative of -3*b**5/20 + b**3/3 + b**2/2 - 3*b. Suppose 0 = -4*f - 20, 10 = -2*u - 3*f - 7. Give d(u).
2
Let o(h) = -h + 7. Let g be o(3). Let v(i) = 2 + i**2 + 0*i**2 + g*i + 2*i**2 + 0*i**2. Calculate v(-2).
6
Suppose q = -q - 12. Let m(a) = 24*a**2 - 40*a**2 + 8 + 17*a**2 + 8*a. Give m(q).
-4
Suppose 6*d - d = -10. Let x(q) = q**3 - q. Let a(h) = 7*h**3 + 3*h**2 - 4*h - 1. Let p(v) = a(v) - 6*x(v). Give p(d).
-1
Let c(r) = 23*r**2 - r**3 - 3*r - 37 - 28*r**2 + 41. Calculate c(-4).
0
Let n(d) be the second derivative of d**5/20 - d**4/3 + d**3/3 - 3*d**2/2 + 67*d. Give n(3).
-6
Let y(d) be the third derivative of d**4/24 - d**3/6 - 2*d**2. Let r(b) = 5*b - 31. Let v be r(8). Let t be (3/v)/((-2)/(-36)). Calculate y(t).
5
Suppose 5*v = -m + 24, -2*m - 4 - 3 = -v. Let p = 11 - 6. Let y(f) = -p + 16 + 0*f - f. Determine y(v).
6
Let g(j) = -13*j**2 - 15. Let x(k) = -5*k**2 - 5. Let p(y) = 3*g(y) - 8*x(y). Give p(-4).
11
Let f be ((-4)/14)/((-4)/28). Let h(r) = r - f*r - r + 5*r. What is h(-1)?
-3
Let x(l) = l**3 - 16*l**2 + l - 13. Let z be ((-70)/(-175))/((-1)/(-40)). Calculate x(z).
3
Let l(m) = -2*m**2 - 2 + 5 + 14*m**2 + 2*m - 2. Suppose j - 112*g = -117*g - 1, 4*j = 3*g - 4. Give l(j).
11
Let u = -7 - 2. Let w(i) = -3*i - 11. Let y be w(u). Let j(p) = p**2 - 2*p**2 + 10 + 15*p - y*p. Give j(0).
10
Suppose o = 5 - 0. Let x(i) = -i**3 + 4*i**2 + 4*i + 3. What is x(o)?
-2
Let o(q) be the second derivative of -q**5/20 + q**4/6 + q**3/3 - 3*q**2/2 + q. Suppose 2*h - 55*i + 58*i = -8, 4*i + 12 = -2*h. Give o(h).
1
Let j be 4/(-32)*-4*-10. Let b(n) = -n**3 + 5*n**2 - 3*n - 11. Let c(k) = 3*k**3 - 10*k**2 + 5*k + 24. Let z(v) = -5*b(v) - 2*c(v). What is z(j)?
-18
Let j be (-2)/(-16) + (-140)/(-160). Let d(l) = l - 24 - 5*l + 22. Calculate d(j).
-6
Let q(h) = 3*h**2 - 2*h - 3. Let c(a) = 4*a**2 - 3*a - 4. Let v(t) = 2*c(t) - 3*q(t). Let k(i) = 2*i**2 + 3*i - 1. Let x(j) = k(j) + 3*v(j). What is x(5)?
-8
Let x(t) = -2*t**3 - t**2 - 4*t + 4. Let k be x(0). Let z(b) = -2*b**2 - 3*b**2 + 4*b**2 + 5*b - 1. What is z(k)?
3
Suppose 13*r - 6*r = -7. Let n(v) = -29*v**3 - v**2. Determine n(r).
28
Suppose 18*w + 46 + 44 = 0. Let g(f) be the third derivative of f**6/120 + f**5/12 + f**4/24 + f**3 + 2*f**2. Calculate g(w).
1
Let s(o) = -21291 - 5*o + o**2 + 21282 - 2*o. What is s(6)?
-15
Let m(j) = -7*j**2 - 13*j - 18. Let q(l) = -3*l**2 - 6*l - 8. Let d(k) = 4*m(k) - 9*q(k). What is d(2)?
0
Let y(i) = -379 - 5*i - i**2 + 208 + 177. What is y(-6)?
0
Let c(r) = 3. Let l(s) = 2*s + 42. Let t(z) = 42*c(z) - 3*l(z). Let h = -33 + 31. Let k be (-1)/(h/((-16)/(3 - -1))). Give t(k).
12
Suppose 0 = -4*m - s - 18, 0*s - s = -3*m - 10. Let f(l) = l**2 + 4*l + 9. Let g(n) = -2*n**2 - 9*n - 17. Let b(w) = -5*f(w) - 3*g(w). What is 